{"id":799,"date":"2017-03-24T18:16:03","date_gmt":"2017-03-24T18:16:03","guid":{"rendered":"https:\/\/is.cos.ufrj.br\/?page_id=799"},"modified":"2018-07-16T19:14:08","modified_gmt":"2018-07-16T22:14:08","slug":"clecio-santos","status":"publish","type":"page","link":"https:\/\/is.cos.ufrj.br\/en\/clecio-santos\/","title":{"rendered":"Cl\u00e9cio Santos"},"content":{"rendered":"<div><a href=\"https:\/\/is.cos.ufrj.br\/wp-content\/uploads\/2017\/03\/ClecioSantos.png\"><img decoding=\"async\" loading=\"lazy\" class=\"size-thumbnail wp-image-810 alignleft\" src=\"https:\/\/is.cos.ufrj.br\/wp-content\/uploads\/2017\/03\/ClecioSantos-150x150.png\" alt=\"\" width=\"150\" height=\"150\" \/><\/a>My interdisciplinary trajectory take off as I approach the student movement at the Federal University of Bahia. I was then in the third year of the computer engineering undergraduate program. A new world opens where students from different fields of knowledge exchange experiences and put the status quo into debate from different perspectives. The \"University\" begins to live up to the name. But the Polytechnic School still seemed oblivious to the fervor of the political discussions on the humanities campus, and I sought connections between my activism and my program. It was then that I met ENEDS (National Meeting for Engineering and Social Development), an event created by SOLTEC\/UFRJ (N\u00facleo de Solidariedade T\u00e9cnica). ENEDS put me in touch with themes such as solidarity economy, self-management and the non-neutrality of technology. It was love at first sight. Following these discoveries, I decided to become a member of the research field of Science, Technology and Society. I got to know the research area in Informatics and Society at COPPE through friends of SOLTEC and here I came with the interest of researching the connections between the development of information technologies and ethnic-racial relations.<\/div>\n<div><\/div>\n<div><\/div>\n<p><\/br><\/p>\n<div>\n<p><strong>Email: <\/strong><span style=\"color: #ff6600;\"><a style=\"color: #ff6600;\" href=\"mailto:santosc.clecio@gmail.com\">santosc.clecio@gmail.com<\/a><\/span><\/p>\n<p><strong>Resume:\u00a0<\/strong><span style=\"color: #ff6600;\"><a style=\"color: #ff6600;\" href=\"http:\/\/lattes.cnpq.br\/5266971281459940\">http:\/\/lattes.cnpq.br\/5266971281459940<\/a><\/span><\/p>\n<\/div>","protected":false},"excerpt":{"rendered":"<p>Minha trajet\u00f3ria interdisciplinar ganha asas ao me aproximar do movimento estudantil da Universidade Federal da Bahia, j\u00e1 no terceiro ano do curso de engenharia de computa\u00e7\u00e3o. Um mundo novo se abre, onde estudantes de diferentes \u00e1reas do conhecimento trocam experi\u00eancias e colocam o status quo em debate, a partir de diversas perspectivas. A \u201cUniversidade\u201d come\u00e7a <a href=\"https:\/\/is.cos.ufrj.br\/en\/clecio-santos\/\" class=\"more-link\">...continue reading<span class=\"screen-reader-text\"> \"Cl\u00e9cio Santos\"<\/span><\/a><\/p>","protected":false},"author":1,"featured_media":0,"parent":0,"menu_order":0,"comment_status":"closed","ping_status":"closed","template":"","meta":[],"_links":{"self":[{"href":"https:\/\/is.cos.ufrj.br\/en\/wp-json\/wp\/v2\/pages\/799"}],"collection":[{"href":"https:\/\/is.cos.ufrj.br\/en\/wp-json\/wp\/v2\/pages"}],"about":[{"href":"https:\/\/is.cos.ufrj.br\/en\/wp-json\/wp\/v2\/types\/page"}],"author":[{"embeddable":true,"href":"https:\/\/is.cos.ufrj.br\/en\/wp-json\/wp\/v2\/users\/1"}],"replies":[{"embeddable":true,"href":"https:\/\/is.cos.ufrj.br\/en\/wp-json\/wp\/v2\/comments?post=799"}],"version-history":[{"count":6,"href":"https:\/\/is.cos.ufrj.br\/en\/wp-json\/wp\/v2\/pages\/799\/revisions"}],"predecessor-version":[{"id":1416,"href":"https:\/\/is.cos.ufrj.br\/en\/wp-json\/wp\/v2\/pages\/799\/revisions\/1416"}],"wp:attachment":[{"href":"https:\/\/is.cos.ufrj.br\/en\/wp-json\/wp\/v2\/media?parent=799"}],"curies":[{"name":"wp","href":"https:\/\/api.w.org\/{rel}","templated":true}]}}

Clécio Santos

<div><a href="https://is.cos.ufrj.br/wp-content/uploads/2017/03/ClecioSantos.png"><img decoding="async" loading="lazy" class="size-thumbnail wp-image-810 alignleft" src="https://is.cos.ufrj.br/wp-content/uploads/2017/03/ClecioSantos-150x150.png" alt="" width="150" height="150" /></a>My interdisciplinary trajectory take off as I approach the student movement at the Federal University of Bahia. I was then in the third year of the computer engineering undergraduate program. A new world opens where students from different fields of knowledge exchange experiences and put the status quo into debate from different perspectives. The "University" begins to live up to the name. But the Polytechnic School still seemed oblivious to the fervor of the political discussions on the humanities campus, and I sought connections between my activism and my program. It was then that I met ENEDS (National Meeting for Engineering and Social Development), an event created by SOLTEC/UFRJ (Núcleo de Solidariedade Técnica). ENEDS put me in touch with themes such as solidarity economy, self-management and the non-neutrality of technology. It was love at first sight. Following these discoveries, I decided to become a member of the research field of Science, Technology and Society. I got to know the research area in Informatics and Society at COPPE through friends of SOLTEC and here I came with the interest of researching the connections between the development of information technologies and ethnic-racial relations.</div>
<div></div>
<div></div>
<p></br></p>
<div>
<p><strong>Email: </strong><span style="color: #ff6600;"><a style="color: #ff6600;" href="mailto:santosc.clecio@gmail.com">santosc.clecio@gmail.com</a></span></p>
<p><strong>Resume: </strong><span style="color: #ff6600;"><a style="color: #ff6600;" href="http://lattes.cnpq.br/5266971281459940">http://lattes.cnpq.br/5266971281459940</a></span></p>
</div>

<p>Minha trajetória interdisciplinar ganha asas ao me aproximar do movimento estudantil da Universidade Federal da Bahia, já no terceiro ano do curso de engenharia de computação. Um mundo novo se abre, onde estudantes de diferentes áreas do conhecimento trocam experiências e colocam o status quo em debate, a partir de diversas perspectivas. A “Universidade” começa <a href="https://is.cos.ufrj.br/en/clecio-santos/" class="more-link">...continue reading<span class="screen-reader-text"> "Clécio Santos"</span></a></p>
