{"id":422,"date":"2016-06-06T22:41:11","date_gmt":"2016-06-06T22:41:11","guid":{"rendered":"https:\/\/is.cos.ufrj.br\/?page_id=422"},"modified":"2025-09-03T15:01:31","modified_gmt":"2025-09-03T18:01:31","slug":"alberto-lima","status":"publish","type":"page","link":"https:\/\/is.cos.ufrj.br\/en\/alberto-lima\/","title":{"rendered":"Alberto de Lima"},"content":{"rendered":"<p><a href=\"https:\/\/is.cos.ufrj.br\/wp-content\/uploads\/2019\/07\/AsR-HR8k_400x400.jpg\"><img decoding=\"async\" loading=\"lazy\" class=\"wp-image-1669 alignleft\" src=\"https:\/\/is.cos.ufrj.br\/wp-content\/uploads\/2019\/07\/AsR-HR8k_400x400.jpg\" alt=\"\" width=\"150\" height=\"150\" \/><\/a>During undergraduate studies, I used to be uncomfortable with the naturalization of engineering, its methods and its effects and with the almost absence of discussions regarding the technoscience-society binomial. I began to find some answers to this discomfort as I approached the outreach-militancy in engineering at UFRJ itself, which has in the N\u00facleo de Solidariedade T\u00e9cnica (SOLTEC) one of its main pillars. As a result of this approach, I joined the research area in Informatics and Society at PESC\/COPPE\/UFRJ, where I obtained a master's degree in 2013 proposing to open the black box of Digital Inclusion projects\/discourses in Brazil, a work that, beyond the typically academic correlations, allowed me to approach a deep and rich Brazil, usually absent from the pages of engineering dissertations; places like Vig\u00e1rio Geral, Complexo da Mar\u00e9, Complexo do Alem\u00e3o and its people.<\/p>\n<p>De volta \u00e0 linha de pesquisa para o doutorado, defendi, em 2022, tese na qual apresentei uma narrativa sobre as promessas de Brasis colocadas em cena a partir das TICs, articulando tr\u00eas experi\u00eancias: a Pol\u00edtica Nacional de Inform\u00e1tica dos anos 1970, o ExpressoBR como software derivado das iniciativas de software livre no Governo e a gera\u00e7\u00e3o cidad\u00e3 de dados em favelas via experi\u00eancia do data_labe na Mar\u00e9.<\/p>\n<p>From September 2018 to February 2019 I held a position as visiting scholar in the Science and Technology Studies Program at University of California, Davis, with the support of a scholarship from CAPES' Programa de Doutorado Sandu\u00edche no Exterior (PDSE).<\/p>\n<p>I am a teacher at Cefet\/RJ, where I am engaged in research-outreach projects and teach classes in the secondary education. I am also a militant in the local union, where I advocate a free and public education. Besides the academic life, I enjoy poetry and hiking in the mountains of Rio de Janeiro.<\/p>\n<p><strong>Email:\u00a0<\/strong><span style=\"color: #ff6600;\"><a style=\"color: #ff6600;\" href=\"mailto:alberto@cos.ufrj.br\">alberto@cos.ufrj.br<\/a><\/span><\/p>\n<p><strong>Resume:\u00a0<\/strong><span style=\"color: #ff6600;\"><a style=\"color: #ff6600;\" href=\"http:\/\/lattes.cnpq.br\/9941167719157263\">http:\/\/lattes.cnpq.br\/9941167719157263<\/a><\/span><\/p>","protected":false},"excerpt":{"rendered":"<p>Incomodado com a naturaliza\u00e7\u00e3o da engenharia, de seus m\u00e9todos e seus efeitos e com a quase aus\u00eancia das discuss\u00f5es relativas ao bin\u00f4mio tecnoci\u00eancia-sociedade durante a gradua\u00e7\u00e3o, encontrei algumas respostas ao me aproximar da milit\u00e2ncia extensionista em engenharia na pr\u00f3pria UFRJ, que tem no N\u00facleo de Solidariedade T\u00e9cnica (SOLTEC) um de seus principais pilares. Como fruto <a href=\"https:\/\/is.cos.ufrj.br\/en\/alberto-lima\/\" class=\"more-link\">...continue reading<span class=\"screen-reader-text\"> \"Alberto de Lima\"<\/span><\/a><\/p>","protected":false},"author":1,"featured_media":0,"parent":0,"menu_order":0,"comment_status":"closed","ping_status":"closed","template":"","meta":[],"_links":{"self":[{"href":"https:\/\/is.cos.ufrj.br\/en\/wp-json\/wp\/v2\/pages\/422"}],"collection":[{"href":"https:\/\/is.cos.ufrj.br\/en\/wp-json\/wp\/v2\/pages"}],"about":[{"href":"https:\/\/is.cos.ufrj.br\/en\/wp-json\/wp\/v2\/types\/page"}],"author":[{"embeddable":true,"href":"https:\/\/is.cos.ufrj.br\/en\/wp-json\/wp\/v2\/users\/1"}],"replies":[{"embeddable":true,"href":"https:\/\/is.cos.ufrj.br\/en\/wp-json\/wp\/v2\/comments?post=422"}],"version-history":[{"count":23,"href":"https:\/\/is.cos.ufrj.br\/en\/wp-json\/wp\/v2\/pages\/422\/revisions"}],"predecessor-version":[{"id":3526,"href":"https:\/\/is.cos.ufrj.br\/en\/wp-json\/wp\/v2\/pages\/422\/revisions\/3526"}],"wp:attachment":[{"href":"https:\/\/is.cos.ufrj.br\/en\/wp-json\/wp\/v2\/media?parent=422"}],"curies":[{"name":"wp","href":"https:\/\/api.w.org\/{rel}","templated":true}]}}

<p><a href="https://is.cos.ufrj.br/wp-content/uploads/2019/07/AsR-HR8k_400x400.jpg"><img decoding="async" loading="lazy" class="wp-image-1669 alignleft" src="https://is.cos.ufrj.br/wp-content/uploads/2019/07/AsR-HR8k_400x400.jpg" alt="" width="150" height="150" /></a>During undergraduate studies, I used to be uncomfortable with the naturalization of engineering, its methods and its effects and with the almost absence of discussions regarding the technoscience-society binomial. I began to find some answers to this discomfort as I approached the outreach-militancy in engineering at UFRJ itself, which has in the Núcleo de Solidariedade Técnica (SOLTEC) one of its main pillars. As a result of this approach, I joined the research area in Informatics and Society at PESC/COPPE/UFRJ, where I obtained a master's degree in 2013 proposing to open the black box of Digital Inclusion projects/discourses in Brazil, a work that, beyond the typically academic correlations, allowed me to approach a deep and rich Brazil, usually absent from the pages of engineering dissertations; places like Vigário Geral, Complexo da Maré, Complexo do Alemão and its people.</p>
<p>De volta à linha de pesquisa para o doutorado, defendi, em 2022, tese na qual apresentei uma narrativa sobre as promessas de Brasis colocadas em cena a partir das TICs, articulando três experiências: a Política Nacional de Informática dos anos 1970, o ExpressoBR como software derivado das iniciativas de software livre no Governo e a geração cidadã de dados em favelas via experiência do data_labe na Maré.</p>
<p>From September 2018 to February 2019 I held a position as visiting scholar in the Science and Technology Studies Program at University of California, Davis, with the support of a scholarship from CAPES' Programa de Doutorado Sanduíche no Exterior (PDSE).</p>
<p>I am a teacher at Cefet/RJ, where I am engaged in research-outreach projects and teach classes in the secondary education. I am also a militant in the local union, where I advocate a free and public education. Besides the academic life, I enjoy poetry and hiking in the mountains of Rio de Janeiro.</p>
<p><strong>Email: </strong><span style="color: #ff6600;"><a style="color: #ff6600;" href="mailto:alberto@cos.ufrj.br">alberto@cos.ufrj.br</a></span></p>
<p><strong>Resume: </strong><span style="color: #ff6600;"><a style="color: #ff6600;" href="http://lattes.cnpq.br/9941167719157263">http://lattes.cnpq.br/9941167719157263</a></span></p>

<p>Incomodado com a naturalização da engenharia, de seus métodos e seus efeitos e com a quase ausência das discussões relativas ao binômio tecnociência-sociedade durante a graduação, encontrei algumas respostas ao me aproximar da militância extensionista em engenharia na própria UFRJ, que tem no Núcleo de Solidariedade Técnica (SOLTEC) um de seus principais pilares. Como fruto <a href="https://is.cos.ufrj.br/en/alberto-lima/" class="more-link">...continue reading<span class="screen-reader-text"> "Alberto de Lima"</span></a></p>
