{"id":419,"date":"2016-06-06T22:37:53","date_gmt":"2016-06-06T22:37:53","guid":{"rendered":"https:\/\/is.cos.ufrj.br\/?page_id=419"},"modified":"2025-09-05T08:47:47","modified_gmt":"2025-09-05T11:47:47","slug":"pedro-braga","status":"publish","type":"page","link":"https:\/\/is.cos.ufrj.br\/en\/pedro-braga\/","title":{"rendered":"Pedro Braga"},"content":{"rendered":"<p><a href=\"https:\/\/is.cos.ufrj.br\/wp-content\/uploads\/2019\/07\/60260205_10214352405871748_1969046577397891072_n.jpg\"><img decoding=\"async\" loading=\"lazy\" class=\"wp-image-1665 alignleft\" src=\"https:\/\/is.cos.ufrj.br\/wp-content\/uploads\/2019\/07\/60260205_10214352405871748_1969046577397891072_n.jpg\" alt=\"\" width=\"150\" height=\"150\" \/><\/a><\/p>\n<p>Sou Pedro Braga, Cientista da Computa\u00e7\u00e3o formado em 2015 na UFRJ. Tive o privil\u00e9gio de fazer meu TCC, meu mestrado (no HCTE) e meu doutorado (no PESC) sob a orienta\u00e7\u00e3o do Henrique Cukierman. Hoje, voltei ao LabIS como p\u00f3s-doc da linha de Inform\u00e1tica e Sociedade sob supervis\u00e3o do Luiz Arthur. Na gradua\u00e7\u00e3o achava que era de humanas demais para ser de exatas e de exatas demais para ser de humanas. Nas minhas andan\u00e7as acad\u00eamicas percebi que essas categorias n\u00e3o existem e, por isso, eu decidi pesquisar um tal de olhar sociot\u00e9cnico.<\/p>\n<p>Al\u00e9m disso, participo de projetos Fiocruz com o Marcelo Fornazin e sou professor no Centro Universit\u00e1rio Anhanguera de Niter\u00f3i (UNIAN), onde dou aula na gradua\u00e7\u00e3o para os cursos da \u00e1rea de Computa\u00e7\u00e3o.<\/p>\n<div class=\"yj6qo ajU\">\n<p><strong>Email:\u00a0<\/strong><span style=\"color: #ff6600;\"><a style=\"color: #ff6600;\" href=\"mailto:pedrohcb@cos.ufrj.br\">pedrohcb@cos.ufrj.br<\/a><\/span><\/p>\n<p><strong>Resume:\u00a0<\/strong><span style=\"color: #ff6600;\"><a style=\"color: #ff6600;\" href=\"http:\/\/lattes.cnpq.br\/5376668416544829\">http:\/\/lattes.cnpq.br\/5376668416544829<\/a><\/span><\/p>\n<\/div>","protected":false},"excerpt":{"rendered":"<p>Sou Pedro Braga, Cientista da Computa\u00e7\u00e3o formado em 2015 na UFRJ. Tive o privil\u00e9gio de fazer meu TCC, meu mestrado (no HCTE) e meu doutorado (no PESC) sob a orienta\u00e7\u00e3o do Henrique Cukierman. Hoje, voltei ao LabIS como p\u00f3s-doc da linha de Inform\u00e1tica e Sociedade sob supervis\u00e3o do Luiz Arthur. Na gradua\u00e7\u00e3o achava que era <a href=\"https:\/\/is.cos.ufrj.br\/en\/pedro-braga\/\" class=\"more-link\">...continue reading<span class=\"screen-reader-text\"> \"Pedro Braga\"<\/span><\/a><\/p>","protected":false},"author":1,"featured_media":0,"parent":0,"menu_order":0,"comment_status":"closed","ping_status":"closed","template":"","meta":[],"_links":{"self":[{"href":"https:\/\/is.cos.ufrj.br\/en\/wp-json\/wp\/v2\/pages\/419"}],"collection":[{"href":"https:\/\/is.cos.ufrj.br\/en\/wp-json\/wp\/v2\/pages"}],"about":[{"href":"https:\/\/is.cos.ufrj.br\/en\/wp-json\/wp\/v2\/types\/page"}],"author":[{"embeddable":true,"href":"https:\/\/is.cos.ufrj.br\/en\/wp-json\/wp\/v2\/users\/1"}],"replies":[{"embeddable":true,"href":"https:\/\/is.cos.ufrj.br\/en\/wp-json\/wp\/v2\/comments?post=419"}],"version-history":[{"count":10,"href":"https:\/\/is.cos.ufrj.br\/en\/wp-json\/wp\/v2\/pages\/419\/revisions"}],"predecessor-version":[{"id":3553,"href":"https:\/\/is.cos.ufrj.br\/en\/wp-json\/wp\/v2\/pages\/419\/revisions\/3553"}],"wp:attachment":[{"href":"https:\/\/is.cos.ufrj.br\/en\/wp-json\/wp\/v2\/media?parent=419"}],"curies":[{"name":"wp","href":"https:\/\/api.w.org\/{rel}","templated":true}]}}

<p><a href="https://is.cos.ufrj.br/wp-content/uploads/2019/07/60260205_10214352405871748_1969046577397891072_n.jpg"><img decoding="async" loading="lazy" class="wp-image-1665 alignleft" src="https://is.cos.ufrj.br/wp-content/uploads/2019/07/60260205_10214352405871748_1969046577397891072_n.jpg" alt="" width="150" height="150" /></a></p>
<p>Sou Pedro Braga, Cientista da Computação formado em 2015 na UFRJ. Tive o privilégio de fazer meu TCC, meu mestrado (no HCTE) e meu doutorado (no PESC) sob a orientação do Henrique Cukierman. Hoje, voltei ao LabIS como pós-doc da linha de Informática e Sociedade sob supervisão do Luiz Arthur. Na graduação achava que era de humanas demais para ser de exatas e de exatas demais para ser de humanas. Nas minhas andanças acadêmicas percebi que essas categorias não existem e, por isso, eu decidi pesquisar um tal de olhar sociotécnico.</p>
<p>Além disso, participo de projetos Fiocruz com o Marcelo Fornazin e sou professor no Centro Universitário Anhanguera de Niterói (UNIAN), onde dou aula na graduação para os cursos da área de Computação.</p>
<div class="yj6qo ajU">
<p><strong>Email: </strong><span style="color: #ff6600;"><a style="color: #ff6600;" href="mailto:pedrohcb@cos.ufrj.br">pedrohcb@cos.ufrj.br</a></span></p>
<p><strong>Resume: </strong><span style="color: #ff6600;"><a style="color: #ff6600;" href="http://lattes.cnpq.br/5376668416544829">http://lattes.cnpq.br/5376668416544829</a></span></p>
</div>

<p>Sou Pedro Braga, Cientista da Computação formado em 2015 na UFRJ. Tive o privilégio de fazer meu TCC, meu mestrado (no HCTE) e meu doutorado (no PESC) sob a orientação do Henrique Cukierman. Hoje, voltei ao LabIS como pós-doc da linha de Informática e Sociedade sob supervisão do Luiz Arthur. Na graduação achava que era <a href="https://is.cos.ufrj.br/en/pedro-braga/" class="more-link">...continue reading<span class="screen-reader-text"> "Pedro Braga"</span></a></p>
