{"id":371,"date":"2016-06-06T22:04:26","date_gmt":"2016-06-06T22:04:26","guid":{"rendered":"https:\/\/is.cos.ufrj.br\/?page_id=371"},"modified":"2018-07-16T19:19:59","modified_gmt":"2018-07-16T22:19:59","slug":"rodrigo-primo","status":"publish","type":"page","link":"https:\/\/is.cos.ufrj.br\/en\/rodrigo-primo\/","title":{"rendered":"Rodrigo Primo"},"content":{"rendered":"<div><a href=\"https:\/\/is.cos.ufrj.br\/wp-content\/uploads\/2015\/03\/primo.png\"><img decoding=\"async\" loading=\"lazy\" class=\"size-thumbnail wp-image-511 alignleft\" src=\"https:\/\/is.cos.ufrj.br\/wp-content\/uploads\/2015\/03\/primo-150x150.png\" alt=\"\" width=\"150\" height=\"150\" srcset=\"https:\/\/is.cos.ufrj.br\/wp-content\/uploads\/2015\/03\/primo-150x150.png 150w, https:\/\/is.cos.ufrj.br\/wp-content\/uploads\/2015\/03\/primo-300x300.png 300w, https:\/\/is.cos.ufrj.br\/wp-content\/uploads\/2015\/03\/primo-266x266.png 266w, https:\/\/is.cos.ufrj.br\/wp-content\/uploads\/2015\/03\/primo-350x350.png 350w, https:\/\/is.cos.ufrj.br\/wp-content\/uploads\/2015\/03\/primo.png 400w\" sizes=\"(max-width: 150px) 100vw, 150px\" \/><\/a>I graduated in Pedagogy at the University of S\u00e3o Paulo but I did very little in the area. In the middle of the graduation I heard about free software. I started to explore, and I installed Kurumin (GNU \/ Linux distribution) on the only computer that was in my house at that time. When I realized I was working with development (my breadwinner since 2004). Some years after having finished the graduation, I wanted to reflect on my professional practice as a free software developer. Through friends of SOLTEC \/ UFRJ (Nucleus of Technical Solidarity), I found the research line Informatics and Society, where I'm developing a master's degree research. My idea is to investigate the notion that free software communities are global paralleling the critique made by CTS authors regarding the so-called universality of science. For that reason, I am researching the community of WordPress developers, and checking, among other things, where these developers are based. When I'm not in front of the computer I usually go out to climb or pedal. I am vegetarian, bicycle activist and defender of free software and free education.<\/div>\n<p><\/br><\/p>\n<div>\n<p><strong>Email:\u00a0<\/strong><span style=\"color: #ff6600;\"><a style=\"color: #ff6600;\" href=\"mailto:rodrigosprimo@gmail.com\">rodrigosprimo@gmail.com<\/a><\/span><\/p>\n<p><strong>Resume:\u00a0<\/strong><span style=\"color: #ff6600;\"><a style=\"color: #ff6600;\" href=\"http:\/\/lattes.cnpq.br\/6650703556378418\">http:\/\/lattes.cnpq.br\/6650703556378418<\/a><\/span><\/p>\n<\/div>","protected":false},"excerpt":{"rendered":"<p>Me formei em Pedagogia pela Universidade de S\u00e3o Paulo por\u00e9m atuei muito pouco na \u00e1rea. No meio da gradua\u00e7\u00e3o ouvi falar de software livre, comecei a explorar, instalei o Kurumin (distribuibui\u00e7\u00e3o do GNU\/Linux) no \u00fanico computador que havia em casa naquela \u00e9poca e quando vi estava trabalhando com desenvolvimento (meu ganha p\u00e3o desde 2004). Alguns <a href=\"https:\/\/is.cos.ufrj.br\/en\/rodrigo-primo\/\" class=\"more-link\">...continue reading<span class=\"screen-reader-text\"> \"Rodrigo Primo\"<\/span><\/a><\/p>","protected":false},"author":1,"featured_media":0,"parent":0,"menu_order":0,"comment_status":"closed","ping_status":"closed","template":"","meta":[],"_links":{"self":[{"href":"https:\/\/is.cos.ufrj.br\/en\/wp-json\/wp\/v2\/pages\/371"}],"collection":[{"href":"https:\/\/is.cos.ufrj.br\/en\/wp-json\/wp\/v2\/pages"}],"about":[{"href":"https:\/\/is.cos.ufrj.br\/en\/wp-json\/wp\/v2\/types\/page"}],"author":[{"embeddable":true,"href":"https:\/\/is.cos.ufrj.br\/en\/wp-json\/wp\/v2\/users\/1"}],"replies":[{"embeddable":true,"href":"https:\/\/is.cos.ufrj.br\/en\/wp-json\/wp\/v2\/comments?post=371"}],"version-history":[{"count":29,"href":"https:\/\/is.cos.ufrj.br\/en\/wp-json\/wp\/v2\/pages\/371\/revisions"}],"predecessor-version":[{"id":1436,"href":"https:\/\/is.cos.ufrj.br\/en\/wp-json\/wp\/v2\/pages\/371\/revisions\/1436"}],"wp:attachment":[{"href":"https:\/\/is.cos.ufrj.br\/en\/wp-json\/wp\/v2\/media?parent=371"}],"curies":[{"name":"wp","href":"https:\/\/api.w.org\/{rel}","templated":true}]}}

<div><a href="https://is.cos.ufrj.br/wp-content/uploads/2015/03/primo.png"><img decoding="async" loading="lazy" class="size-thumbnail wp-image-511 alignleft" src="https://is.cos.ufrj.br/wp-content/uploads/2015/03/primo-150x150.png" alt="" width="150" height="150" srcset="https://is.cos.ufrj.br/wp-content/uploads/2015/03/primo-150x150.png 150w, https://is.cos.ufrj.br/wp-content/uploads/2015/03/primo-300x300.png 300w, https://is.cos.ufrj.br/wp-content/uploads/2015/03/primo-266x266.png 266w, https://is.cos.ufrj.br/wp-content/uploads/2015/03/primo-350x350.png 350w, https://is.cos.ufrj.br/wp-content/uploads/2015/03/primo.png 400w" sizes="(max-width: 150px) 100vw, 150px" /></a>I graduated in Pedagogy at the University of São Paulo but I did very little in the area. In the middle of the graduation I heard about free software. I started to explore, and I installed Kurumin (GNU / Linux distribution) on the only computer that was in my house at that time. When I realized I was working with development (my breadwinner since 2004). Some years after having finished the graduation, I wanted to reflect on my professional practice as a free software developer. Through friends of SOLTEC / UFRJ (Nucleus of Technical Solidarity), I found the research line Informatics and Society, where I'm developing a master's degree research. My idea is to investigate the notion that free software communities are global paralleling the critique made by CTS authors regarding the so-called universality of science. For that reason, I am researching the community of WordPress developers, and checking, among other things, where these developers are based. When I'm not in front of the computer I usually go out to climb or pedal. I am vegetarian, bicycle activist and defender of free software and free education.</div>
<p></br></p>
<div>
<p><strong>Email: </strong><span style="color: #ff6600;"><a style="color: #ff6600;" href="mailto:rodrigosprimo@gmail.com">rodrigosprimo@gmail.com</a></span></p>
<p><strong>Resume: </strong><span style="color: #ff6600;"><a style="color: #ff6600;" href="http://lattes.cnpq.br/6650703556378418">http://lattes.cnpq.br/6650703556378418</a></span></p>
</div>

<p>Me formei em Pedagogia pela Universidade de São Paulo porém atuei muito pouco na área. No meio da graduação ouvi falar de software livre, comecei a explorar, instalei o Kurumin (distribuibuição do GNU/Linux) no único computador que havia em casa naquela época e quando vi estava trabalhando com desenvolvimento (meu ganha pão desde 2004). Alguns <a href="https://is.cos.ufrj.br/en/rodrigo-primo/" class="more-link">...continue reading<span class="screen-reader-text"> "Rodrigo Primo"</span></a></p>
