{"id":1648,"date":"2019-07-06T19:44:49","date_gmt":"2019-07-06T22:44:49","guid":{"rendered":"https:\/\/is.cos.ufrj.br\/?page_id=1648"},"modified":"2020-05-02T18:58:46","modified_gmt":"2020-05-02T21:58:46","slug":"filipe-silva","status":"publish","type":"page","link":"https:\/\/is.cos.ufrj.br\/en\/filipe-silva\/","title":{"rendered":"Filipe Silva"},"content":{"rendered":"<p><a href=\"https:\/\/is.cos.ufrj.br\/wp-content\/uploads\/2019\/07\/filipe.jpg\"><img decoding=\"async\" loading=\"lazy\" class=\"size-thumbnail wp-image-402 alignleft\" src=\"https:\/\/is.cos.ufrj.br\/wp-content\/uploads\/2019\/07\/filipe.jpg\" alt=\"Filipe Silva\" width=\"150\" height=\"150\" \/><\/a>Currently, I'm an undergrad student at Computers and Information Engineering at the Federal University of Rio de Janeiro. I graduated as a technician in Informatics in the city of S\u00e3o Paulo. Paulistano and honorary carioca. Since very early I was fascinated by technology as we know and how we could use \"it\", yet not very clear, to transform our society. Once someone told me \"If I could see farther, it was because I stood on gigant shoulders\". We live in networks, an association of people and elements. Nothing is more certain than to state that human scientific knowledge is constructed and not simply discovered. We are all connected in this gigantic constructivist project that envolves scientists, engineers, finnancers, and citizens, from Brazil or otherwise, even laboratories, machines, literature and etc.<br \/>\nA music admirer, a teacher at a community preparatory course and eternal learner. These are some of the phrases that describe me. To start my adventure in the Laboratory of Informatics and Society was, without a doubt, one window of opportunity, not only professional as you may think but learning and knowledge sharing based on the wish of knowing Brazilian reality to transform it. Engineering (with a capital E) is not supposed to be theoretical for the disenfranchised and practical for the rich, it must resonate the search for scientific and technological renovation for a fairer and more connected society, with science inside and outside classroom and laboratories.<\/p>\n<p>Therefore, in the position of a scientific initiation scholarship holder financed by the Conselho Nacional de Desenvolvimento Cient\u00edfico e Tecnol\u00f3gico(CNPQ), previously by the Funda\u00e7\u00e3o de Amparo \u00e0 Pesquisa do Estado do Rio de Janeiro (FAPERJ), to study the history of Informatics in Brazil, I must contribute in the popularization of a sociotechnical approach to development and applications of technologies.<\/p>\n<p><strong>Email:\u00a0<\/strong> <a style=\"color: #ff6600;\" href=\"mailto:dfilipeaugusto@poli.ufrj.br\" rel=\"noopener noreferrer\">dfilipeaugusto@poli.ufrj.br<\/a><br \/>\n<strong>Resume:<\/strong>\u00a0<span style=\"color: #ff6600;\"><a style=\"color: #ff6600;\" href=\"http:\/\/lattes.cnpq.br\/0925283518717220\">http:\/\/lattes.cnpq.br\/0925283518717220<\/a><\/span><\/p>","protected":false},"excerpt":{"rendered":"<p>Atualmente sou discente de Engenharia de Computa\u00e7\u00e3o e Informa\u00e7\u00e3o da Universidade Federal do Rio de Janeiro e formei-me na modalidade T\u00e9cnico em Inform\u00e1tica na cidade de S\u00e3o Paulo. Paulistano e carioca honor\u00e1rio. Desde muito cedo fui fascinado por esse meio tecnol\u00f3gico como conhecemos e sobre como poder\u00edamos utilizar \u201cisso\u201d, ainda n\u00e3o muito claro, para a <a href=\"https:\/\/is.cos.ufrj.br\/en\/filipe-silva\/\" class=\"more-link\">...continue reading<span class=\"screen-reader-text\"> \"Filipe Silva\"<\/span><\/a><\/p>","protected":false},"author":4,"featured_media":0,"parent":0,"menu_order":0,"comment_status":"closed","ping_status":"closed","template":"","meta":[],"_links":{"self":[{"href":"https:\/\/is.cos.ufrj.br\/en\/wp-json\/wp\/v2\/pages\/1648"}],"collection":[{"href":"https:\/\/is.cos.ufrj.br\/en\/wp-json\/wp\/v2\/pages"}],"about":[{"href":"https:\/\/is.cos.ufrj.br\/en\/wp-json\/wp\/v2\/types\/page"}],"author":[{"embeddable":true,"href":"https:\/\/is.cos.ufrj.br\/en\/wp-json\/wp\/v2\/users\/4"}],"replies":[{"embeddable":true,"href":"https:\/\/is.cos.ufrj.br\/en\/wp-json\/wp\/v2\/comments?post=1648"}],"version-history":[{"count":2,"href":"https:\/\/is.cos.ufrj.br\/en\/wp-json\/wp\/v2\/pages\/1648\/revisions"}],"predecessor-version":[{"id":1894,"href":"https:\/\/is.cos.ufrj.br\/en\/wp-json\/wp\/v2\/pages\/1648\/revisions\/1894"}],"wp:attachment":[{"href":"https:\/\/is.cos.ufrj.br\/en\/wp-json\/wp\/v2\/media?parent=1648"}],"curies":[{"name":"wp","href":"https:\/\/api.w.org\/{rel}","templated":true}]}}

<p><a href="https://is.cos.ufrj.br/wp-content/uploads/2019/07/filipe.jpg"><img decoding="async" loading="lazy" class="size-thumbnail wp-image-402 alignleft" src="https://is.cos.ufrj.br/wp-content/uploads/2019/07/filipe.jpg" alt="Filipe Silva" width="150" height="150" /></a>Currently, I'm an undergrad student at Computers and Information Engineering at the Federal University of Rio de Janeiro. I graduated as a technician in Informatics in the city of São Paulo. Paulistano and honorary carioca. Since very early I was fascinated by technology as we know and how we could use "it", yet not very clear, to transform our society. Once someone told me "If I could see farther, it was because I stood on gigant shoulders". We live in networks, an association of people and elements. Nothing is more certain than to state that human scientific knowledge is constructed and not simply discovered. We are all connected in this gigantic constructivist project that envolves scientists, engineers, finnancers, and citizens, from Brazil or otherwise, even laboratories, machines, literature and etc.<br />
A music admirer, a teacher at a community preparatory course and eternal learner. These are some of the phrases that describe me. To start my adventure in the Laboratory of Informatics and Society was, without a doubt, one window of opportunity, not only professional as you may think but learning and knowledge sharing based on the wish of knowing Brazilian reality to transform it. Engineering (with a capital E) is not supposed to be theoretical for the disenfranchised and practical for the rich, it must resonate the search for scientific and technological renovation for a fairer and more connected society, with science inside and outside classroom and laboratories.</p>
<p>Therefore, in the position of a scientific initiation scholarship holder financed by the Conselho Nacional de Desenvolvimento Científico e Tecnológico(CNPQ), previously by the Fundação de Amparo à Pesquisa do Estado do Rio de Janeiro (FAPERJ), to study the history of Informatics in Brazil, I must contribute in the popularization of a sociotechnical approach to development and applications of technologies.</p>
<p><strong>Email: </strong> <a style="color: #ff6600;" href="mailto:dfilipeaugusto@poli.ufrj.br" rel="noopener noreferrer">dfilipeaugusto@poli.ufrj.br</a><br />
<strong>Resume:</strong> <span style="color: #ff6600;"><a style="color: #ff6600;" href="http://lattes.cnpq.br/0925283518717220">http://lattes.cnpq.br/0925283518717220</a></span></p>

<p>Atualmente sou discente de Engenharia de Computação e Informação da Universidade Federal do Rio de Janeiro e formei-me na modalidade Técnico em Informática na cidade de São Paulo. Paulistano e carioca honorário. Desde muito cedo fui fascinado por esse meio tecnológico como conhecemos e sobre como poderíamos utilizar “isso”, ainda não muito claro, para a <a href="https://is.cos.ufrj.br/en/filipe-silva/" class="more-link">...continue reading<span class="screen-reader-text"> "Filipe Silva"</span></a></p>
