{"id":1637,"date":"2019-07-06T19:30:41","date_gmt":"2019-07-06T22:30:41","guid":{"rendered":"https:\/\/is.cos.ufrj.br\/?page_id=1637"},"modified":"2019-07-06T19:30:41","modified_gmt":"2019-07-06T22:30:41","slug":"cornelia-passarinho","status":"publish","type":"page","link":"https:\/\/is.cos.ufrj.br\/en\/cornelia-passarinho\/","title":{"rendered":"Corn\u00e9lia Passarinho"},"content":{"rendered":"<p><a href=\"https:\/\/is.cos.ufrj.br\/wp-content\/uploads\/2019\/07\/cornelia.jpeg\"><img decoding=\"async\" loading=\"lazy\" class=\"size-thumbnail wp-image-402 alignleft\" src=\"https:\/\/is.cos.ufrj.br\/wp-content\/uploads\/2019\/07\/cornelia.jpeg\" alt=\"Corn\u00e9lia Passarinho\" width=\"150\" height=\"150\" \/><\/a>I'm graduated as a Bachelor in Computer Science by the Federal University of Piau\u00ed (2002), M. Sc. in Telecommunications informatics Enginnering by the Federal University of Cear\u00e1 (2005), and D. Sc. in Electrical Engineering by Federal University of Esp\u00edrito Santo (2012) and Post Doc research internship in Telecommunication Informatics Engineering by Federal University of Cear\u00e1 (2017). I'm an associated Professor at the Computer Science Bachelor course at State University of Piau\u00ed, Piripiri Campus. I have experience in the area of image processing, computer vision, and pattern recognition, acting mainly in the themes: pattern recognition and face biometry, as well as forensic computing.<\/p>\n<p>I'm interested in learning and contributing to prevent Informatics to be seen as an only technical area, it should be seen as part of society and as a knowledge that values ethics and existence in harmony.<\/p>\n<p><strong>Email:\u00a0<\/strong> <a style=\"color: #ff6600;\" href=\"mailto:janaynapassarinho@prp.uespi.br\" rel=\"noopener noreferrer\">janaynapassarinho@prp.uespi.br<\/a><\/p>\n<p><strong>Resume:<\/strong>\u00a0<span style=\"color: #ff6600;\"><a style=\"color: #ff6600;\" href=\"http:\/\/lattes.cnpq.br\/7138867918212052\">http:\/\/lattes.cnpq.br\/7138867918212052<\/a><\/span><\/p>","protected":false},"excerpt":{"rendered":"<p>Sou graduada em Bacharelado em Ci\u00eancia da Computa\u00e7\u00e3o pela Universidade Federal do Piau\u00ed (2002), mestre em Engenharia de Teleinform\u00e1tica pela Universidade Federal do Cear\u00e1 (2005), doutora em Engenharia El\u00e9trica pela Universidade Federal do Esp\u00edrito Santo (2012), Est\u00e1gio P\u00f3s Doutoral em Engenharia de Teleinform\u00e1tica, pela Universidade Federal do Cear\u00e1 (2017). Sou professora adjunto I do Curso <a href=\"https:\/\/is.cos.ufrj.br\/en\/cornelia-passarinho\/\" class=\"more-link\">...continue reading<span class=\"screen-reader-text\"> \"Corn\u00e9lia Passarinho\"<\/span><\/a><\/p>","protected":false},"author":4,"featured_media":0,"parent":0,"menu_order":0,"comment_status":"closed","ping_status":"closed","template":"","meta":[],"_links":{"self":[{"href":"https:\/\/is.cos.ufrj.br\/en\/wp-json\/wp\/v2\/pages\/1637"}],"collection":[{"href":"https:\/\/is.cos.ufrj.br\/en\/wp-json\/wp\/v2\/pages"}],"about":[{"href":"https:\/\/is.cos.ufrj.br\/en\/wp-json\/wp\/v2\/types\/page"}],"author":[{"embeddable":true,"href":"https:\/\/is.cos.ufrj.br\/en\/wp-json\/wp\/v2\/users\/4"}],"replies":[{"embeddable":true,"href":"https:\/\/is.cos.ufrj.br\/en\/wp-json\/wp\/v2\/comments?post=1637"}],"version-history":[{"count":2,"href":"https:\/\/is.cos.ufrj.br\/en\/wp-json\/wp\/v2\/pages\/1637\/revisions"}],"predecessor-version":[{"id":1641,"href":"https:\/\/is.cos.ufrj.br\/en\/wp-json\/wp\/v2\/pages\/1637\/revisions\/1641"}],"wp:attachment":[{"href":"https:\/\/is.cos.ufrj.br\/en\/wp-json\/wp\/v2\/media?parent=1637"}],"curies":[{"name":"wp","href":"https:\/\/api.w.org\/{rel}","templated":true}]}}

Cornélia Passarinho

<p><a href="https://is.cos.ufrj.br/wp-content/uploads/2019/07/cornelia.jpeg"><img decoding="async" loading="lazy" class="size-thumbnail wp-image-402 alignleft" src="https://is.cos.ufrj.br/wp-content/uploads/2019/07/cornelia.jpeg" alt="Cornélia Passarinho" width="150" height="150" /></a>I'm graduated as a Bachelor in Computer Science by the Federal University of Piauí (2002), M. Sc. in Telecommunications informatics Enginnering by the Federal University of Ceará (2005), and D. Sc. in Electrical Engineering by Federal University of Espírito Santo (2012) and Post Doc research internship in Telecommunication Informatics Engineering by Federal University of Ceará (2017). I'm an associated Professor at the Computer Science Bachelor course at State University of Piauí, Piripiri Campus. I have experience in the area of image processing, computer vision, and pattern recognition, acting mainly in the themes: pattern recognition and face biometry, as well as forensic computing.</p>
<p>I'm interested in learning and contributing to prevent Informatics to be seen as an only technical area, it should be seen as part of society and as a knowledge that values ethics and existence in harmony.</p>
<p><strong>Email: </strong> <a style="color: #ff6600;" href="mailto:janaynapassarinho@prp.uespi.br" rel="noopener noreferrer">janaynapassarinho@prp.uespi.br</a></p>
<p><strong>Resume:</strong> <span style="color: #ff6600;"><a style="color: #ff6600;" href="http://lattes.cnpq.br/7138867918212052">http://lattes.cnpq.br/7138867918212052</a></span></p>

<p>Sou graduada em Bacharelado em Ciência da Computação pela Universidade Federal do Piauí (2002), mestre em Engenharia de Teleinformática pela Universidade Federal do Ceará (2005), doutora em Engenharia Elétrica pela Universidade Federal do Espírito Santo (2012), Estágio Pós Doutoral em Engenharia de Teleinformática, pela Universidade Federal do Ceará (2017). Sou professora adjunto I do Curso <a href="https://is.cos.ufrj.br/en/cornelia-passarinho/" class="more-link">...continue reading<span class="screen-reader-text"> "Cornélia Passarinho"</span></a></p>
