{"id":15,"date":"2015-03-03T22:40:28","date_gmt":"2015-03-03T22:40:28","guid":{"rendered":"https:\/\/is.cos.ufrj.br\/?page_id=15"},"modified":"2020-09-14T16:13:15","modified_gmt":"2020-09-14T19:13:15","slug":"pesquisa","status":"publish","type":"page","link":"https:\/\/is.cos.ufrj.br\/en\/pesquisa\/","title":{"rendered":"Research"},"content":{"rendered":"<div class=\"entry-content\">\n<p>It is necessary, as well as urgent, to understand the new social order that is being produced since the development and adoption of the new Information and Communication T echnologies (ICT). To investigate it is paramount, to unveil new perspectives of economic and corporate success or to construct a better quality of life and a fairer society.<\/p>\n<p>These new technologies are regarded as a source of radical change, and in this case constitute a scenario in which they significantly transform various dimensions of modern life, including the nature and experience of interpersonal relations and communications, working relations and conditions, mode of operation of the business world, industry and agroindustry, educational processes, ways of building knowledge or even the formulation of regulatory policies. In short, new technologies change the form and substance of control, participation and social cohesion. However, in doing so, they are also modified by social experience, so that informatics and society, or otherwise, the technical and the social, constitute a movement of \"co-modification\", only perceived by a approach that is concurrently social and technical, a <em>sociotechnical perspective<\/em>. Thus, to rethink the social is, at the same time, to promote a reflection on the very mode of production and organization of scientific and technological knowledge, and on the mutual implications between <em>science, technology and society<\/em>.<\/p>\n<p>The research area in Informatics and Society  has the objective of advancing the sociotechnical study. We investigate how academic and scientific practices, government policies, business management, society and culture relate to the new Information and Communication Technologies. Through this study we aim to offer not only a better understanding, but a possibility of intervention in its applications and development.<\/p>\n<p>As \u00e1reas da pesquisa&nbsp;nas quais as a\u00e7\u00f5es de ensino-pesquisa-extens\u00e3o est\u00e3o organizadas, longe de serem estanques, constituem uma maneira de identificar as diferentes \u00eanfases, aproxima\u00e7\u00f5es e olhares utilizados para atingir os objetivos da linha conjuntamente com os projetos de ensino-pesquisa-extens\u00e3o desenvolvidos no <a style=\"color: #ff6600;\" href=\"https:\/\/is.cos.ufrj.br\/en\/labis\/\">Informatics and Society Laboratory (LabIS)<\/a>.<\/p>\n<h3>Voltar para:<\/h3>\n<ul>\n<li><span style=\"color: #ff6600;\"><a style=\"color: #ff6600;\" href=\"https:\/\/is.cos.ufrj.br\/en\/areas-de-pesquisa\/\">Research Topics<\/a><\/span><\/li>\n<li><span style=\"color: #ff6600;\"><a style=\"color: #ff6600;\" href=\"https:\/\/is.cos.ufrj.br\/en\/projetos\/\">Projects<\/a><\/span><\/li>\n<\/ul>\n<\/div>","protected":false},"excerpt":{"rendered":"<p>\u00c9 necess\u00e1rio, para n\u00e3o dizer urgente, ter em conta o novo ordenamento social que se est\u00e1 produzindo desde o surgimento e a ado\u00e7\u00e3o das novas tecnologias de informa\u00e7\u00e3o e comunica\u00e7\u00e3o (TIC). Investig\u00e1-lo \u00e9 crucial, seja para descortinar novas perspectivas de sucesso comercial e empresarial, seja para construir uma melhor qualidade de vida e uma sociedade <a href=\"https:\/\/is.cos.ufrj.br\/en\/pesquisa\/\" class=\"more-link\">...continue reading<span class=\"screen-reader-text\"> \"Pesquisa\"<\/span><\/a><\/p>","protected":false},"author":1,"featured_media":0,"parent":0,"menu_order":0,"comment_status":"closed","ping_status":"closed","template":"","meta":[],"_links":{"self":[{"href":"https:\/\/is.cos.ufrj.br\/en\/wp-json\/wp\/v2\/pages\/15"}],"collection":[{"href":"https:\/\/is.cos.ufrj.br\/en\/wp-json\/wp\/v2\/pages"}],"about":[{"href":"https:\/\/is.cos.ufrj.br\/en\/wp-json\/wp\/v2\/types\/page"}],"author":[{"embeddable":true,"href":"https:\/\/is.cos.ufrj.br\/en\/wp-json\/wp\/v2\/users\/1"}],"replies":[{"embeddable":true,"href":"https:\/\/is.cos.ufrj.br\/en\/wp-json\/wp\/v2\/comments?post=15"}],"version-history":[{"count":22,"href":"https:\/\/is.cos.ufrj.br\/en\/wp-json\/wp\/v2\/pages\/15\/revisions"}],"predecessor-version":[{"id":2098,"href":"https:\/\/is.cos.ufrj.br\/en\/wp-json\/wp\/v2\/pages\/15\/revisions\/2098"}],"wp:attachment":[{"href":"https:\/\/is.cos.ufrj.br\/en\/wp-json\/wp\/v2\/media?parent=15"}],"curies":[{"name":"wp","href":"https:\/\/api.w.org\/{rel}","templated":true}]}}

<div class="entry-content">
<p>It is necessary, as well as urgent, to understand the new social order that is being produced since the development and adoption of the new Information and Communication T echnologies (ICT). To investigate it is paramount, to unveil new perspectives of economic and corporate success or to construct a better quality of life and a fairer society.</p>
<p>These new technologies are regarded as a source of radical change, and in this case constitute a scenario in which they significantly transform various dimensions of modern life, including the nature and experience of interpersonal relations and communications, working relations and conditions, mode of operation of the business world, industry and agroindustry, educational processes, ways of building knowledge or even the formulation of regulatory policies. In short, new technologies change the form and substance of control, participation and social cohesion. However, in doing so, they are also modified by social experience, so that informatics and society, or otherwise, the technical and the social, constitute a movement of "co-modification", only perceived by a approach that is concurrently social and technical, a <em>sociotechnical perspective</em>. Thus, to rethink the social is, at the same time, to promote a reflection on the very mode of production and organization of scientific and technological knowledge, and on the mutual implications between <em>science, technology and society</em>.</p>
<p>The research area in Informatics and Society  has the objective of advancing the sociotechnical study. We investigate how academic and scientific practices, government policies, business management, society and culture relate to the new Information and Communication Technologies. Through this study we aim to offer not only a better understanding, but a possibility of intervention in its applications and development.</p>
<p>As áreas da pesquisa&nbsp;nas quais as ações de ensino-pesquisa-extensão estão organizadas, longe de serem estanques, constituem uma maneira de identificar as diferentes ênfases, aproximações e olhares utilizados para atingir os objetivos da linha conjuntamente com os projetos de ensino-pesquisa-extensão desenvolvidos no <a style="color: #ff6600;" href="https://is.cos.ufrj.br/en/labis/">Informatics and Society Laboratory (LabIS)</a>.</p>
<h3>Voltar para:</h3>
<ul>
<li><span style="color: #ff6600;"><a style="color: #ff6600;" href="https://is.cos.ufrj.br/en/areas-de-pesquisa/">Research Topics</a></span></li>
<li><span style="color: #ff6600;"><a style="color: #ff6600;" href="https://is.cos.ufrj.br/en/projetos/">Projects</a></span></li>
</ul>
</div>

<p>É necessário, para não dizer urgente, ter em conta o novo ordenamento social que se está produzindo desde o surgimento e a adoção das novas tecnologias de informação e comunicação (TIC). Investigá-lo é crucial, seja para descortinar novas perspectivas de sucesso comercial e empresarial, seja para construir uma melhor qualidade de vida e uma sociedade <a href="https://is.cos.ufrj.br/en/pesquisa/" class="more-link">...continue reading<span class="screen-reader-text"> "Pesquisa"</span></a></p>
