{"id":1270,"date":"2018-05-10T10:36:31","date_gmt":"2018-05-10T13:36:31","guid":{"rendered":"https:\/\/is.cos.ufrj.br\/?page_id=1270"},"modified":"2018-10-13T18:46:46","modified_gmt":"2018-10-13T21:46:46","slug":"victor-costa","status":"publish","type":"page","link":"https:\/\/is.cos.ufrj.br\/en\/victor-costa\/","title":{"rendered":"Victor Costa"},"content":{"rendered":"<p><img decoding=\"async\" loading=\"lazy\" class=\"alignleft\" src=\"https:\/\/is.cos.ufrj.br\/wp-content\/uploads\/2018\/03\/victor_costa.jpg\" width=\"197\" height=\"197\" \/>\"Anyone interested in participating in undergraduate research can stay after the end of class.\" Now I realise how the consequences of this decision have shaped my university live. I got out of a routine where the goal of my day-to-day actions got lost in a sort of distant future until the beginning of events that are anything but routine. A short trip showed me the importance of microcredit in poor communities, a sleepy morning in a library near home taught me to value the simple tools that many have to strive to have access to; the investigation of the history of informatics began as a tiny room in the mezzanine and the paths keep popping up on the horizon. \u201cWe are here to be free, be educated and to be healthy\u201d. The freedom between projects, topics and fronts transformed the routine into something interesting. The tiny laboratory grew so much beyond the Technology Center, creating the possibilities of empowerment in area-fields of education far away from the halls of H bloc, both physically and philosophically. It presented new areas and people that, if I was focused on the Script that is preached daily to engineering students, I\u2019m sure that I\u2019d not have had the possibility of knowing. \u201cThere is love in LabIS.\u201d<\/p>\n<p><strong>Email:\u00a0<\/strong><a style=\"color: #ff6600;\" href=\"mailto:victorcosta07@poli.ufrj.br\">victorcosta07@poli.ufrj.br<\/a><\/p>\n<p><b>Resume:<\/b> <a style=\"color: #ff6600;\" href=\"http:\/\/lattes.cnpq.br\/0147512856999365\">http:\/\/lattes.cnpq.br\/0147512856999365<\/a><\/p>","protected":false},"excerpt":{"rendered":"<p>\u201cQuem estiver interessado em participar da inicia\u00e7\u00e3o cientifica pode ficar depois do fim da aula\u201d. Hoje percebo como as consequ\u00eancias dessa decis\u00e3o moldaram minha vida dentro da universidade. Sa\u00ed de uma rotina na qual o objetivo das a\u00e7\u00f5es do dia a dia se perdia num futuro meio distante at\u00e9 o inicio dos acontecimentos que de <a href=\"https:\/\/is.cos.ufrj.br\/en\/victor-costa\/\" class=\"more-link\">...continue reading<span class=\"screen-reader-text\"> \"Victor Costa\"<\/span><\/a><\/p>","protected":false},"author":1,"featured_media":0,"parent":0,"menu_order":0,"comment_status":"closed","ping_status":"closed","template":"","meta":[],"_links":{"self":[{"href":"https:\/\/is.cos.ufrj.br\/en\/wp-json\/wp\/v2\/pages\/1270"}],"collection":[{"href":"https:\/\/is.cos.ufrj.br\/en\/wp-json\/wp\/v2\/pages"}],"about":[{"href":"https:\/\/is.cos.ufrj.br\/en\/wp-json\/wp\/v2\/types\/page"}],"author":[{"embeddable":true,"href":"https:\/\/is.cos.ufrj.br\/en\/wp-json\/wp\/v2\/users\/1"}],"replies":[{"embeddable":true,"href":"https:\/\/is.cos.ufrj.br\/en\/wp-json\/wp\/v2\/comments?post=1270"}],"version-history":[{"count":6,"href":"https:\/\/is.cos.ufrj.br\/en\/wp-json\/wp\/v2\/pages\/1270\/revisions"}],"predecessor-version":[{"id":1277,"href":"https:\/\/is.cos.ufrj.br\/en\/wp-json\/wp\/v2\/pages\/1270\/revisions\/1277"}],"wp:attachment":[{"href":"https:\/\/is.cos.ufrj.br\/en\/wp-json\/wp\/v2\/media?parent=1270"}],"curies":[{"name":"wp","href":"https:\/\/api.w.org\/{rel}","templated":true}]}}

<p>“Quem estiver interessado em participar da iniciação cientifica pode ficar depois do fim da aula”. Hoje percebo como as consequências dessa decisão moldaram minha vida dentro da universidade. Saí de uma rotina na qual o objetivo das ações do dia a dia se perdia num futuro meio distante até o inicio dos acontecimentos que de <a href="https://is.cos.ufrj.br/en/victor-costa/" class="more-link">...continue reading<span class="screen-reader-text"> "Victor Costa"</span></a></p>
