{"id":1118,"date":"2018-03-21T18:47:21","date_gmt":"2018-03-21T21:47:21","guid":{"rendered":"https:\/\/is.cos.ufrj.br\/?page_id=1118"},"modified":"2026-01-19T17:20:10","modified_gmt":"2026-01-19T20:20:10","slug":"labis","status":"publish","type":"page","link":"https:\/\/is.cos.ufrj.br\/en\/labis\/","title":{"rendered":"(LabIS)"},"content":{"rendered":"<h3><strong>Frentes<\/strong><\/h3>\n<p style=\"text-align: justify;\" align=\"justify\">O LabIS - Laborat\u00f3rio de Inform\u00e1tica e Sociedade - conta atualmente com diferentes iniciativas de ensino-pesquisa-extens\u00e3o, agrupadas nas frentes de trabalho descritas abaixo.<\/p>\n<header class=\"entry-header\">\n<ul>\n<li class=\"entry-title\">\n<h3>Bens comuns digitais<\/h3>\n<\/li>\n<\/ul>\n<\/header>\n<div class=\"entry-content\">\n<p style=\"text-align: justify;\" align=\"justify\">Re\u00fane projetos de ensino-pesquisa-extens\u00e3o que produzam e disponibilizem (sob licen\u00e7as livres) artefatos de software, tanto como resultado do envolvimento de estudantes em sala de aula e de bolsistas e volunt\u00e1rios graduandos extensionistas e de inicia\u00e7\u00e3o cient\u00edfica. Esses artefatos destinam-se a estimular a pr\u00e1tica de maratonas de produ\u00e7\u00e3o de dados sobre as realidades das periferias vulnerabilizadas bem como gerar ou analisar esses dados conjuntamente com suas popula\u00e7\u00f5es. As discuss\u00f5es e\/ou a implementa\u00e7\u00e3o de infraestruturas de informa\u00e7\u00e3o adequadas tamb\u00e9m fazem parte da constru\u00e7\u00e3o desses softwares, com especial aten\u00e7\u00e3o \u00e0s (des)conex\u00f5es dessas infraestruturas com os territ\u00f3rios em que permanecem.<\/p>\n<\/div>\n<header class=\"entry-header\">\n<ul>\n<li class=\"entry-title\">\n<h3>Economias e moedas solid\u00e1rias<\/h3>\n<\/li>\n<\/ul>\n<\/header>\n<div class=\"entry-content\">\n<p style=\"text-align: justify;\" align=\"justify\">Re\u00fane projetos de ensino-pesquisa-extens\u00e3o que visibilizem, fortale\u00e7am e reflitam sobre as experi\u00eancias de (re)constru\u00e7\u00e3o de redes econ\u00f4micas (no sentido de experi\u00eancias que contemplem a tem\u00e1tica da autogest\u00e3o) e de moedas comunit\u00e1rias e municipais, em especial em seus processos de digitaliza\u00e7\u00e3o. No Brasil, o termo moedas sociais \u00e9 o mais utilizado, as quais historicamente s\u00e3o colocadas em circula\u00e7\u00e3o por bancos comunit\u00e1rios. Estes s\u00e3o servi\u00e7os financeiros de natureza associativa e comunit\u00e1ria, com pr\u00e1ticas como a concess\u00e3o de microcr\u00e9dito, as moedas sociais (v\u00e1lidas em um territ\u00f3rio restrito), e mais recentemente a transfer\u00eancia de renda via moedas municipais. A frente conta com parcerias com Rede Brasileira de Bancos Comunit\u00e1rios e Municipais e o Observat\u00f3rio de Bancos Comunit\u00e1rios e Moedas Sociais Digitais (OBM).<\/p>\n<\/div>\n<header class=\"entry-header\">\n<ul>\n<li class=\"entry-title\">\n<h3>Espa\u00e7os de inform\u00e1tica e ensino-aprendizagem<\/h3>\n<\/li>\n<\/ul>\n<\/header>\n<div class=\"entry-content\">\n<p style=\"text-align: justify;\" align=\"justify\">Re\u00fane projetos de ensino-pesquisa-extens\u00e3o que discutam tem\u00e1ticas como a introdu\u00e7\u00e3o \u00e0 programa\u00e7\u00e3o e \u00e0 inform\u00e1tica para estudantes de escolas p\u00fablicas, atrav\u00e9s da(o): 1) realiza\u00e7\u00e3o de oficinas e semin\u00e1rios sobre as conex\u00f5es entre inform\u00e1tica e sociedade em suas diferentes rela\u00e7\u00f5es (tais como inform\u00e1tica\/g\u00eanero e inform\u00e1tica\/ra\u00e7a); 2) elabora\u00e7\u00e3o de recursos digitais para o ensino e a pesquisa; 3) desenvolvimento da pesquisa com estudantes e popula\u00e7\u00f5es perif\u00e9ricas sobre sua apropria\u00e7\u00e3o (e produ\u00e7\u00e3o) de tecnologias digitais; 4) tradu\u00e7\u00e3o de materiais acad\u00eamicos para formatos e linguagens adequados a estudantes de escolas p\u00fablicas; 5) discuss\u00e3o com popula\u00e7\u00f5es com pouco letramento digital do fen\u00f4meno das falsas hist\u00f3rias (FakeNews) propagadas especialmente atrav\u00e9s das redes sociais digitais. A frente conta com a parceria com o LIpE-Laborat\u00f3rio de Inform\u00e1tica para Educa\u00e7\u00e3o-UFRJ (veja em <a href=\"https:\/\/nides.ufrj.br\/index.php\/o-lipe\" target=\"_blank\" rel=\"noopener noreferrer\">https:\/\/nides.ufrj.br\/index.php\/o-lipe<\/a>).<\/p>\n<\/div>\n<header class=\"entry-header\">\n<ul>\n<li class=\"entry-title\">\n<h3>Mitos e hist\u00f3rias das ci\u00eancias e tecnologias<\/h3>\n<\/li>\n<\/ul>\n<\/header>\n<div class=\"entry-content\">\n<p style=\"text-align: justify;\" align=\"justify\">Re\u00fane projetos de ensino-pesquisa-extens\u00e3o que historicizam fatos e artefatos da tecnoci\u00eancia moderna, com especial aten\u00e7\u00e3o \u00e0 computa\u00e7\u00e3o e \u00e0s tecnologias da informa\u00e7\u00e3o, amparando-se nos referenciais dos Estudos Ci\u00eancias-Tecnologias-Sociedades (CTS) - que compreendem a engenharia e a sociedade como indissoci\u00e1veis. Esta frente busca mapear controv\u00e9rsias atuais e passadas, utilizando, entre as diversas fontes hist\u00f3ricas, a base de conhecimento das edi\u00e7\u00f5es bianuais (desde 2010) do Simp\u00f3sio da Hist\u00f3ria da Inform\u00e1tica na Am\u00e9rica Latina e no Caribe (SHIALC) (veja em <a href=\"http:\/\/is.cos.ufrj.br\/en\/eventos\/mem\u00f3ria\/\" target=\"_blank\" rel=\"noopener noreferrer\">is.cos.ufrj.br\/eventos\/mem\u00f3ria<\/a>) e, mais especialmente, busca igualmente traduzir tais fatos, artefatos e controv\u00e9rsias em linguagens adequadas a p\u00fablicos externos \u00e0 Universidade.<\/p>\n<\/div>\n<hr>\n<h3 style=\"text-align: justify;\"><strong>Hist\u00f3rico<\/strong><\/h3>\n<p style=\"text-align: justify;\">LabIS - Informatics and Society Laboratory - has been configured along a journey that goes back to the works and investigations of the research area in Informatics and Society (IS) of the Systems Engineering and Computer Science Program at COPPE\/UFRJ. The IS research area has long sought a Brazil yet to be invented, driven by the desire to understand the Brazilian reality to help build a fairer and more solidary country. A desire to contribute from a renewed understanding of scientific and technological activities - especially the Information and Communication Technologies (ICT) - supported by the new sociological, economic, historical and anthropological references that have been questioning, since the 20th century, the neutrality and the universality of science and technology.<\/p>\n<p style=\"text-align: justify;\"><a href=\"https:\/\/is.cos.ufrj.br\/wp-content\/uploads\/2018\/06\/Figura-12.png\"><img decoding=\"async\" loading=\"lazy\" class=\"size-full wp-image-1397 aligncenter\" src=\"https:\/\/is.cos.ufrj.br\/wp-content\/uploads\/2018\/06\/Figura-12.png\" alt=\"\" width=\"810\" height=\"450\" srcset=\"https:\/\/is.cos.ufrj.br\/wp-content\/uploads\/2018\/06\/Figura-12.png 810w, https:\/\/is.cos.ufrj.br\/wp-content\/uploads\/2018\/06\/Figura-12-300x167.png 300w, https:\/\/is.cos.ufrj.br\/wp-content\/uploads\/2018\/06\/Figura-12-768x427.png 768w\" sizes=\"(max-width: 810px) 100vw, 810px\" \/><\/a><\/p>\n<p style=\"text-align: justify;\">In accordance with the interlacing inscribed in its own denomination, the research area in Informatics and Society has produced for more than fifteen years a series of courses, research projects, symposiums, workshops, articles, and dissertations dedicated to the construction of an interdisciplinary local knowledge, committed to a popular and solidary direction. A small display of completed work titles can confirm the Brazil on the spotlight and a concern about the causes of its most disadvantaged populations: \u201c<a style=\"color: #ff6600;\" href=\"https:\/\/is.cos.ufrj.br\/wp-content\/uploads\/2015\/06\/Jos%C3%A9MarcosGon%C3%A7alves.pdf\">Promises of ICTs for SUS management: a sociotechnical reflection on implementation of a software for family health strategy<\/a>\u201d, \u201c<a style=\"color: #ff6600;\" href=\"https:\/\/is.cos.ufrj.br\/wp-content\/uploads\/2015\/12\/AlbertoJorgeSilvaDeLima.pdf\">Digital inclusions and social development: a sociotechnical narrative on telecentres, lan houses and policies.<\/a>\u201d, \u201c<a style=\"color: #ff6600;\" href=\"https:\/\/is.cos.ufrj.br\/wp-content\/uploads\/2015\/12\/PauloHenriqueFidelisFeitosa.pdf\">The codified citizen: scanning of citizenship in public interest databases<\/a>\u201d, \u201c<a style=\"color: #ff6600;\" href=\"https:\/\/is.cos.ufrj.br\/wp-content\/uploads\/2015\/12\/LuizArthurSilvaDeFaria.pdf\">Free software, solidarity economy, and democratic practices: three Brazilian cases<\/a>\u201d.<\/p>\n<figure id=\"attachment_1383\" aria-describedby=\"caption-attachment-1383\" style=\"width: 820px\" class=\"wp-caption aligncenter\"><a href=\"https:\/\/is.cos.ufrj.br\/wp-content\/uploads\/2018\/06\/Figura-2.png\"><img decoding=\"async\" loading=\"lazy\" class=\"size-full wp-image-1383\" src=\"https:\/\/is.cos.ufrj.br\/wp-content\/uploads\/2018\/06\/Figura-2.png\" alt=\"\" width=\"820\" height=\"312\" srcset=\"https:\/\/is.cos.ufrj.br\/wp-content\/uploads\/2018\/06\/Figura-2.png 820w, https:\/\/is.cos.ufrj.br\/wp-content\/uploads\/2018\/06\/Figura-2-300x114.png 300w, https:\/\/is.cos.ufrj.br\/wp-content\/uploads\/2018\/06\/Figura-2-768x292.png 768w\" sizes=\"(max-width: 820px) 100vw, 820px\" \/><\/a><figcaption id=\"caption-attachment-1383\" class=\"wp-caption-text\">The Codified Citizen and Promises of ICTs for SUS management, research projects situated in Brazilian realities.<\/figcaption><\/figure>\n<p style=\"text-align: justify;\">The course \u201cComputers and Society\u201d is offered as part of the undergraduate program in Computer and Information Engineering of UFRJ's Polytechnic School, under the responsibility of the research area in Informatics and Society. From 2015,  the course took the experimental path of the projects-based learning pedagogy, offering undergraduate students an experience of interaction between teaching, research and outreach guided by the development of ICT projects that contemplate solutions and improvements for community life, including that of the Fund\u00e3o campus itself. These projects have fostered closer ties between undergraduate, graduate and the world \u201coutside\u201d of the classroom, strengthening the outreach bias of the research area activities.<\/p>\n<figure id=\"attachment_1387\" aria-describedby=\"caption-attachment-1387\" style=\"width: 2480px\" class=\"wp-caption aligncenter\"><a href=\"https:\/\/is.cos.ufrj.br\/wp-content\/uploads\/2018\/06\/Figura-3-1.png\"><img decoding=\"async\" loading=\"lazy\" class=\"size-full wp-image-1387\" src=\"https:\/\/is.cos.ufrj.br\/wp-content\/uploads\/2018\/06\/Figura-3-1.png\" alt=\"\" width=\"2480\" height=\"520\" srcset=\"https:\/\/is.cos.ufrj.br\/wp-content\/uploads\/2018\/06\/Figura-3-1.png 2480w, https:\/\/is.cos.ufrj.br\/wp-content\/uploads\/2018\/06\/Figura-3-1-300x63.png 300w, https:\/\/is.cos.ufrj.br\/wp-content\/uploads\/2018\/06\/Figura-3-1-768x161.png 768w, https:\/\/is.cos.ufrj.br\/wp-content\/uploads\/2018\/06\/Figura-3-1-1024x215.png 1024w, https:\/\/is.cos.ufrj.br\/wp-content\/uploads\/2018\/06\/Figura-3-1-960x201.png 960w\" sizes=\"(max-width: 2480px) 100vw, 2480px\" \/><\/a><figcaption id=\"caption-attachment-1387\" class=\"wp-caption-text\">A class of the course Computers and Society with professors Henrique Cukierman and Laura Pozzana (class of 2017).<\/figcaption><\/figure>\n<p style=\"text-align: justify;\">\u00c9 por esses caminhos que o LabIS foi se conformando como um projeto de extens\u00e3o caracterizado por sua interdisciplinaridade, sua proposta de forma\u00e7\u00e3o dos graduandos e p\u00f3s-graduandos fundamentada na indissociabilidade do ensino-pesquisa-extens\u00e3o, sua parceria com outros projetos de extens\u00e3o e seu compromisso com um Brasil mais igualit\u00e1rio.<\/p>\n<p style=\"text-align: justify;\">The current projects under development at LabIS are: a popular educational gaming platform for smartphones; the support and development of actions and products for the Brazilian network of community development banks (digital social currencies); the LIBRASOffice, an accessibility interface that incorporates the Brazilian Sign Language (LIBRAS) into the LibreOffice office package; the offering of courses in the arts and crafts of programming languages for young people from state public schools (high school).<\/p>\n<p style=\"text-align: justify;\">To learn more, visit <a style=\"color: #ff6600;\" href=\"https:\/\/labis.cos.ufrj.br\/\" target=\"_blank\" rel=\"noopener noreferrer\">LabIS blog<\/a>.<\/p>\n<figure id=\"attachment_1401\" aria-describedby=\"caption-attachment-1401\" style=\"width: 810px\" class=\"wp-caption aligncenter\"><a href=\"https:\/\/is.cos.ufrj.br\/wp-content\/uploads\/2018\/06\/Figura-46.png\"><img decoding=\"async\" loading=\"lazy\" class=\"wp-image-1401 size-full\" src=\"https:\/\/is.cos.ufrj.br\/wp-content\/uploads\/2018\/06\/Figura-46.png\" alt=\"\" width=\"810\" height=\"450\" srcset=\"https:\/\/is.cos.ufrj.br\/wp-content\/uploads\/2018\/06\/Figura-46.png 810w, https:\/\/is.cos.ufrj.br\/wp-content\/uploads\/2018\/06\/Figura-46-300x167.png 300w, https:\/\/is.cos.ufrj.br\/wp-content\/uploads\/2018\/06\/Figura-46-768x427.png 768w\" sizes=\"(max-width: 810px) 100vw, 810px\" \/><\/a><figcaption id=\"caption-attachment-1401\" class=\"wp-caption-text\">E-dinheiro application, the digital social currency of the Brazilian community bank network (left); Dam\u00e1tica, a math checker game developed by Fabriqueta de Softwares in the Jequitinhonha Valley, Minas Gerais State (upper center); Programming language courses (upper right); LIBRASOffice, a software in the language of the deaf Brazilian community (bottom).<\/figcaption><\/figure>","protected":false},"excerpt":{"rendered":"<p>Frentes O LabIS - Laborat\u00f3rio de Inform\u00e1tica e Sociedade - conta atualmente com diferentes iniciativas de ensino-pesquisa-extens\u00e3o, agrupadas nas frentes de trabalho descritas abaixo. Bens comuns digitais Re\u00fane projetos de ensino-pesquisa-extens\u00e3o que produzam e disponibilizem (sob licen\u00e7as livres) artefatos de software, tanto como resultado do envolvimento de estudantes em sala de aula e de bolsistas <a href=\"https:\/\/is.cos.ufrj.br\/en\/labis\/\" class=\"more-link\">...continue reading<span class=\"screen-reader-text\"> \"LabIS\"<\/span><\/a><\/p>","protected":false},"author":1,"featured_media":0,"parent":0,"menu_order":0,"comment_status":"closed","ping_status":"closed","template":"","meta":[],"_links":{"self":[{"href":"https:\/\/is.cos.ufrj.br\/en\/wp-json\/wp\/v2\/pages\/1118"}],"collection":[{"href":"https:\/\/is.cos.ufrj.br\/en\/wp-json\/wp\/v2\/pages"}],"about":[{"href":"https:\/\/is.cos.ufrj.br\/en\/wp-json\/wp\/v2\/types\/page"}],"author":[{"embeddable":true,"href":"https:\/\/is.cos.ufrj.br\/en\/wp-json\/wp\/v2\/users\/1"}],"replies":[{"embeddable":true,"href":"https:\/\/is.cos.ufrj.br\/en\/wp-json\/wp\/v2\/comments?post=1118"}],"version-history":[{"count":59,"href":"https:\/\/is.cos.ufrj.br\/en\/wp-json\/wp\/v2\/pages\/1118\/revisions"}],"predecessor-version":[{"id":3851,"href":"https:\/\/is.cos.ufrj.br\/en\/wp-json\/wp\/v2\/pages\/1118\/revisions\/3851"}],"wp:attachment":[{"href":"https:\/\/is.cos.ufrj.br\/en\/wp-json\/wp\/v2\/media?parent=1118"}],"curies":[{"name":"wp","href":"https:\/\/api.w.org\/{rel}","templated":true}]}}

<h3><strong>Frentes</strong></h3>
<p style="text-align: justify;" align="justify">O LabIS - Laboratório de Informática e Sociedade - conta atualmente com diferentes iniciativas de ensino-pesquisa-extensão, agrupadas nas frentes de trabalho descritas abaixo.</p>
<header class="entry-header">
<ul>
<li class="entry-title">
<h3>Bens comuns digitais</h3>
</li>
</ul>
</header>
<div class="entry-content">
<p style="text-align: justify;" align="justify">Reúne projetos de ensino-pesquisa-extensão que produzam e disponibilizem (sob licenças livres) artefatos de software, tanto como resultado do envolvimento de estudantes em sala de aula e de bolsistas e voluntários graduandos extensionistas e de iniciação científica. Esses artefatos destinam-se a estimular a prática de maratonas de produção de dados sobre as realidades das periferias vulnerabilizadas bem como gerar ou analisar esses dados conjuntamente com suas populações. As discussões e/ou a implementação de infraestruturas de informação adequadas também fazem parte da construção desses softwares, com especial atenção às (des)conexões dessas infraestruturas com os territórios em que permanecem.</p>
</div>
<header class="entry-header">
<ul>
<li class="entry-title">
<h3>Economias e moedas solidárias</h3>
</li>
</ul>
</header>
<div class="entry-content">
<p style="text-align: justify;" align="justify">Reúne projetos de ensino-pesquisa-extensão que visibilizem, fortaleçam e reflitam sobre as experiências de (re)construção de redes econômicas (no sentido de experiências que contemplem a temática da autogestão) e de moedas comunitárias e municipais, em especial em seus processos de digitalização. No Brasil, o termo moedas sociais é o mais utilizado, as quais historicamente são colocadas em circulação por bancos comunitários. Estes são serviços financeiros de natureza associativa e comunitária, com práticas como a concessão de microcrédito, as moedas sociais (válidas em um território restrito), e mais recentemente a transferência de renda via moedas municipais. A frente conta com parcerias com Rede Brasileira de Bancos Comunitários e Municipais e o Observatório de Bancos Comunitários e Moedas Sociais Digitais (OBM).</p>
</div>
<header class="entry-header">
<ul>
<li class="entry-title">
<h3>Espaços de informática e ensino-aprendizagem</h3>
</li>
</ul>
</header>
<div class="entry-content">
<p style="text-align: justify;" align="justify">Reúne projetos de ensino-pesquisa-extensão que discutam temáticas como a introdução à programação e à informática para estudantes de escolas públicas, através da(o): 1) realização de oficinas e seminários sobre as conexões entre informática e sociedade em suas diferentes relações (tais como informática/gênero e informática/raça); 2) elaboração de recursos digitais para o ensino e a pesquisa; 3) desenvolvimento da pesquisa com estudantes e populações periféricas sobre sua apropriação (e produção) de tecnologias digitais; 4) tradução de materiais acadêmicos para formatos e linguagens adequados a estudantes de escolas públicas; 5) discussão com populações com pouco letramento digital do fenômeno das falsas histórias (FakeNews) propagadas especialmente através das redes sociais digitais. A frente conta com a parceria com o LIpE-Laboratório de Informática para Educação-UFRJ (veja em <a href="https://nides.ufrj.br/index.php/o-lipe" target="_blank" rel="noopener noreferrer">https://nides.ufrj.br/index.php/o-lipe</a>).</p>
</div>
<header class="entry-header">
<ul>
<li class="entry-title">
<h3>Mitos e histórias das ciências e tecnologias</h3>
</li>
</ul>
</header>
<div class="entry-content">
<p style="text-align: justify;" align="justify">Reúne projetos de ensino-pesquisa-extensão que historicizam fatos e artefatos da tecnociência moderna, com especial atenção à computação e às tecnologias da informação, amparando-se nos referenciais dos Estudos Ciências-Tecnologias-Sociedades (CTS) - que compreendem a engenharia e a sociedade como indissociáveis. Esta frente busca mapear controvérsias atuais e passadas, utilizando, entre as diversas fontes históricas, a base de conhecimento das edições bianuais (desde 2010) do Simpósio da História da Informática na América Latina e no Caribe (SHIALC) (veja em <a href="http://is.cos.ufrj.br/en/eventos/memória/" target="_blank" rel="noopener noreferrer">is.cos.ufrj.br/eventos/memória</a>) e, mais especialmente, busca igualmente traduzir tais fatos, artefatos e controvérsias em linguagens adequadas a públicos externos à Universidade.</p>
</div>
<hr>
<h3 style="text-align: justify;"><strong>Histórico</strong></h3>
<p style="text-align: justify;">LabIS - Informatics and Society Laboratory - has been configured along a journey that goes back to the works and investigations of the research area in Informatics and Society (IS) of the Systems Engineering and Computer Science Program at COPPE/UFRJ. The IS research area has long sought a Brazil yet to be invented, driven by the desire to understand the Brazilian reality to help build a fairer and more solidary country. A desire to contribute from a renewed understanding of scientific and technological activities - especially the Information and Communication Technologies (ICT) - supported by the new sociological, economic, historical and anthropological references that have been questioning, since the 20th century, the neutrality and the universality of science and technology.</p>
<p style="text-align: justify;"><a href="https://is.cos.ufrj.br/wp-content/uploads/2018/06/Figura-12.png"><img decoding="async" loading="lazy" class="size-full wp-image-1397 aligncenter" src="https://is.cos.ufrj.br/wp-content/uploads/2018/06/Figura-12.png" alt="" width="810" height="450" srcset="https://is.cos.ufrj.br/wp-content/uploads/2018/06/Figura-12.png 810w, https://is.cos.ufrj.br/wp-content/uploads/2018/06/Figura-12-300x167.png 300w, https://is.cos.ufrj.br/wp-content/uploads/2018/06/Figura-12-768x427.png 768w" sizes="(max-width: 810px) 100vw, 810px" /></a></p>
<p style="text-align: justify;">In accordance with the interlacing inscribed in its own denomination, the research area in Informatics and Society has produced for more than fifteen years a series of courses, research projects, symposiums, workshops, articles, and dissertations dedicated to the construction of an interdisciplinary local knowledge, committed to a popular and solidary direction. A small display of completed work titles can confirm the Brazil on the spotlight and a concern about the causes of its most disadvantaged populations: “<a style="color: #ff6600;" href="https://is.cos.ufrj.br/wp-content/uploads/2015/06/Jos%C3%A9MarcosGon%C3%A7alves.pdf">Promises of ICTs for SUS management: a sociotechnical reflection on implementation of a software for family health strategy</a>”, “<a style="color: #ff6600;" href="https://is.cos.ufrj.br/wp-content/uploads/2015/12/AlbertoJorgeSilvaDeLima.pdf">Digital inclusions and social development: a sociotechnical narrative on telecentres, lan houses and policies.</a>”, “<a style="color: #ff6600;" href="https://is.cos.ufrj.br/wp-content/uploads/2015/12/PauloHenriqueFidelisFeitosa.pdf">The codified citizen: scanning of citizenship in public interest databases</a>”, “<a style="color: #ff6600;" href="https://is.cos.ufrj.br/wp-content/uploads/2015/12/LuizArthurSilvaDeFaria.pdf">Free software, solidarity economy, and democratic practices: three Brazilian cases</a>”.</p>
<figure id="attachment_1383" aria-describedby="caption-attachment-1383" style="width: 820px" class="wp-caption aligncenter"><a href="https://is.cos.ufrj.br/wp-content/uploads/2018/06/Figura-2.png"><img decoding="async" loading="lazy" class="size-full wp-image-1383" src="https://is.cos.ufrj.br/wp-content/uploads/2018/06/Figura-2.png" alt="" width="820" height="312" srcset="https://is.cos.ufrj.br/wp-content/uploads/2018/06/Figura-2.png 820w, https://is.cos.ufrj.br/wp-content/uploads/2018/06/Figura-2-300x114.png 300w, https://is.cos.ufrj.br/wp-content/uploads/2018/06/Figura-2-768x292.png 768w" sizes="(max-width: 820px) 100vw, 820px" /></a><figcaption id="caption-attachment-1383" class="wp-caption-text">The Codified Citizen and Promises of ICTs for SUS management, research projects situated in Brazilian realities.</figcaption></figure>
<p style="text-align: justify;">The course “Computers and Society” is offered as part of the undergraduate program in Computer and Information Engineering of UFRJ's Polytechnic School, under the responsibility of the research area in Informatics and Society. From 2015,  the course took the experimental path of the projects-based learning pedagogy, offering undergraduate students an experience of interaction between teaching, research and outreach guided by the development of ICT projects that contemplate solutions and improvements for community life, including that of the Fundão campus itself. These projects have fostered closer ties between undergraduate, graduate and the world “outside” of the classroom, strengthening the outreach bias of the research area activities.</p>
<figure id="attachment_1387" aria-describedby="caption-attachment-1387" style="width: 2480px" class="wp-caption aligncenter"><a href="https://is.cos.ufrj.br/wp-content/uploads/2018/06/Figura-3-1.png"><img decoding="async" loading="lazy" class="size-full wp-image-1387" src="https://is.cos.ufrj.br/wp-content/uploads/2018/06/Figura-3-1.png" alt="" width="2480" height="520" srcset="https://is.cos.ufrj.br/wp-content/uploads/2018/06/Figura-3-1.png 2480w, https://is.cos.ufrj.br/wp-content/uploads/2018/06/Figura-3-1-300x63.png 300w, https://is.cos.ufrj.br/wp-content/uploads/2018/06/Figura-3-1-768x161.png 768w, https://is.cos.ufrj.br/wp-content/uploads/2018/06/Figura-3-1-1024x215.png 1024w, https://is.cos.ufrj.br/wp-content/uploads/2018/06/Figura-3-1-960x201.png 960w" sizes="(max-width: 2480px) 100vw, 2480px" /></a><figcaption id="caption-attachment-1387" class="wp-caption-text">A class of the course Computers and Society with professors Henrique Cukierman and Laura Pozzana (class of 2017).</figcaption></figure>
<p style="text-align: justify;">É por esses caminhos que o LabIS foi se conformando como um projeto de extensão caracterizado por sua interdisciplinaridade, sua proposta de formação dos graduandos e pós-graduandos fundamentada na indissociabilidade do ensino-pesquisa-extensão, sua parceria com outros projetos de extensão e seu compromisso com um Brasil mais igualitário.</p>
<p style="text-align: justify;">The current projects under development at LabIS are: a popular educational gaming platform for smartphones; the support and development of actions and products for the Brazilian network of community development banks (digital social currencies); the LIBRASOffice, an accessibility interface that incorporates the Brazilian Sign Language (LIBRAS) into the LibreOffice office package; the offering of courses in the arts and crafts of programming languages for young people from state public schools (high school).</p>
<p style="text-align: justify;">To learn more, visit <a style="color: #ff6600;" href="https://labis.cos.ufrj.br/" target="_blank" rel="noopener noreferrer">LabIS blog</a>.</p>
<figure id="attachment_1401" aria-describedby="caption-attachment-1401" style="width: 810px" class="wp-caption aligncenter"><a href="https://is.cos.ufrj.br/wp-content/uploads/2018/06/Figura-46.png"><img decoding="async" loading="lazy" class="wp-image-1401 size-full" src="https://is.cos.ufrj.br/wp-content/uploads/2018/06/Figura-46.png" alt="" width="810" height="450" srcset="https://is.cos.ufrj.br/wp-content/uploads/2018/06/Figura-46.png 810w, https://is.cos.ufrj.br/wp-content/uploads/2018/06/Figura-46-300x167.png 300w, https://is.cos.ufrj.br/wp-content/uploads/2018/06/Figura-46-768x427.png 768w" sizes="(max-width: 810px) 100vw, 810px" /></a><figcaption id="caption-attachment-1401" class="wp-caption-text">E-dinheiro application, the digital social currency of the Brazilian community bank network (left); Damática, a math checker game developed by Fabriqueta de Softwares in the Jequitinhonha Valley, Minas Gerais State (upper center); Programming language courses (upper right); LIBRASOffice, a software in the language of the deaf Brazilian community (bottom).</figcaption></figure>

<p>Frentes O LabIS - Laboratório de Informática e Sociedade - conta atualmente com diferentes iniciativas de ensino-pesquisa-extensão, agrupadas nas frentes de trabalho descritas abaixo. Bens comuns digitais Reúne projetos de ensino-pesquisa-extensão que produzam e disponibilizem (sob licenças livres) artefatos de software, tanto como resultado do envolvimento de estudantes em sala de aula e de bolsistas <a href="https://is.cos.ufrj.br/en/labis/" class="more-link">...continue reading<span class="screen-reader-text"> "LabIS"</span></a></p>
